). Let k(n) = -n. Let f(q) = 2*q**3 + 4*q**3 + 2*q**2 - q + 0*q**2 - 3*q. Let c(y) = f(y) - 5*k(y). What is c(x)?
-5
Let i(c) = c**3 - 6*c**2 + 6*c + 7. Let y(n) = -n**3 + 15*n**2 + 17*n - 19. Let l be y(16). Let r be (-3 - (-6)/2)/l. Suppose -6*u - u + 35 = r. Determine i(u).
12
Suppose -31 = -5*f - 7*k + 9*k, 2*f = 4*k + 22. Let n = 49 - 19. Suppose f*x = -0*x + n. Let j(h) = -h**2 + 6*h - 2. What is j(x)?
-2
Let i(s) = 15 + 3576*s - 1196*s - 1198*s - 1192*s + s**2. Determine i(12).
39
Let h(o) be the second derivative of o**4/12 + 11*o**3/3 + 9*o**2 + 46*o + 20. Calculate h(-22).
18
Let t = -331 - -331. Let b(d) be the second derivative of -2*d**3 - 1/2*d**2 + t - 6*d. Determine b(-1).
11
Let s(x) = -x**3 - x**2 - 4. Suppose 10*w = 8*w + 4*f - 12, 0 = 2*w - 5*f + 15. Give s(w).
-4
Suppose y - 84*n + 80*n - 1 = 0, 4*n + 35 = 3*y. Let m(r) = -r**2 + 19*r - 9. What is m(y)?
25
Let m(p) = 8*p - 4. Let k be -11 - (-6)/(-18)*-9. Let c be 9/6 - ((-4)/k)/(-1). Give m(c).
12
Suppose -12*f + 24*f = -144 + 180. Let p(x) be the first derivative of -2*x**3/3 + 4*x + 2. Calculate p(f).
-14
Let u(v) = 8 + 0 + 0 + v. Let c be -6 - (-18 - -25 - 8). Calculate u(c).
3
Suppose -2*k = 0, 3*c + 18 - 6 = -5*k. Let w be (3 + c + (4 - 3))/(-1). Let p(o) = o**3 - o**2 - o + 24. Determine p(w).
24
Let l(v) = 3*v**2 - v**2 - 3*v**2 - 3 - 10 + 13*v - 19. Calculate l(3).
-2
Let z(r) = -r**3 - 2*r**2 + 2*r. Let n(l) be the second derivative of -7*l**3/6 + 71*l**2 - 3*l - 3. Let y be n(20). Give z(y).
-12
Let x = 4131 - 4140. Let m(g) = -2*g**2 - 20*g - 15. Determine m(x).
3
Let n be (126/(-105))/((-3)/(-20)). Let h be 1 - (n/(-2))/(-1). Let v(f) = h*f - f**2 - 7 + 0*f**2 + 3 - 2. Give v(4).
-2
Let b be ((-42)/36)/(4/(-16))*-3. Let p(r) = 3*r + 0*r + 2*r + 49 - r. Let q be p(b). Let x(s) = -2*s - 10. Calculate x(q).
4
Let u(y) be the third derivative of -y**6/120 - y**5/60 - y**4/24 + y**3/6 + y**2. Let z be (-1)/1 + 19 + 103. Let a = z + -120. Calculate u(a).
-2
Suppose -18 = w + 2*k, 0 = 11*k - 14*k - 9. Let g(n) = -4*n**2 - 52*n - 52. Give g(w).
-4
Let v = 181 - 172. Let l be ((-6)/2)/(-1*v/(-6)). Let r(q) = -2*q**2 - q + 2. Calculate r(l).
-4
Let r(g) = -g + 25. Suppose 0 = 54*u - 24*u + 390. Calculate r(u).
38
Suppose -w + 4*d = -160 + 218, 2*w - 2*d = -20. Let y(x) = 4*x - 17 - 5 + 7. Give y(w).
9
Let a(h) = 43*h + 79. Let f(l) = 130*l + 251. Let p(w) = 19*a(w) - 6*f(w). Calculate p(-3).
-116
Let k = -141 + 143. Suppose 168 = k*f + 144. Suppose -5*l = 2*w + 23, -2*l + w = -f + 14. Let p(b) = 3*b + 1. Determine p(l).
-8
Let a(o) = o + 12. Let i(r) be the third derivative of -r**4/24 - 23*r**3/6 + 40*r**2. Let p be i(-14). Let b be (p/((-315)/14))/((-2)/30). Determine a(b).
6
Let h(y) = -y**3 + y**2 + 3*y - 2. Suppose q = i - 8, 5*i + 7*q - 3*q - 40 = 0. Let z(x) = x**2 + x**3 + 7 + 2*x**2 - i. Let d be z(-2). Calculate h(d).
-11
Suppose 0*q + 4*m - 4 = -5*q, 2*q + 3*m = -4. Suppose q*s + 34 = 3*y + 8, y - s = 8. Let w(a) = -a**2 + 3*a - 6. Give w(y).
-24
Let r(h) = -747 + 10*h + 1401 - 657 + 3*h**2. What is r(-4)?
5
Let t(f) be the second derivative of f**5/20 - f**4/4 + f**3/6 + f**2 + 12559*f. Suppose 0*y - 4 = -2*y. What is t(y)?
0
Let w(a) = -26*a + 19. Let r(s) = -58*s + 45. Let d(p) = -4*r(p) + 9*w(p). Suppose -u + 6*u - 80 = 0. Let y = u + -9. Determine d(y).
-23
Let n(a) be the first derivative of -3 - a**2 + 1/2*a**3 + 1/12*a**4 - 1/20*a**5 - 15*a. Let f(l) be the first derivative of n(l). What is f(2)?
0
Let r(x) = -2*x + 15. Let h be 150/60 + (-1 - 1/(-2)). Suppose h*v - w - 11 = 0, v + 2*w = -2*v + 34. What is r(v)?
-1
Let n(k) be the first derivative of 5*k**2/2 - 38*k - 1112. What is n(11)?
17
Suppose -13*a - 1987 = 2745. Let q = a - -366. Let j(p) = -8*p**2 + 1. Give j(q).
-31
Let m(f) = f**3 - 29*f**2 + 52*f + 55. Let l(w) = -w**3 + 16*w**2 - 18*w + 72. Let g be l(15). Calculate m(g).
1
Let f(i) = 12*i + 1. Suppose 0*q - 4*w = 5*q - 25, 4*w - 24 = -4*q. Let j(d) = 5*d**2 - 4*d + 3. Let r be j(q). Suppose 0 = -3*u - r - 2. What is f(u)?
-23
Let o(r) = -r**2 + 3*r - 4. Let z = -25 - -28. Suppose -4*k = z*n - 32, 3*k = -n - k + 24. Give o(n).
-8
Let z(j) = j**3 - 9*j**2 + 5*j - 1. Suppose 0 = 13*d - 3*d - 720. Let p = 74 - d. Suppose -26 = -3*i - p. Calculate z(i).
-25
Let o be ((-1)/1 + -7)/1. Let k(h) = -56*h - 5. Let r(m) = -430*m - 39. Let u(p) = 23*k(p) - 3*r(p). What is u(o)?
-14
Suppose -4*c - 309 = -5*u - 312, 0 = 5*c - u + 12. Let z(f) = -3*f - 6. Let t(x) = -2*x - 5. Let a(h) = 4*t(h) - 3*z(h). Calculate a(c).
-5
Suppose -3*b = -a + 2, 0 = a + 2*b - 0*b - 2. Suppose -2 = -a*z + t + 29, -5*z - 3*t + 61 = 0. Let x be (-3)/6*1*(z - 0). Let i(u) = -3*u - 9. Determine i(x).
12
Suppose 169*x = 205*x - 144. Let w(y) be the second derivative of -10*y + 3/4*y**x - 1/20*y**5 + 0 - 1/6*y**3 + 3*y**2. Calculate w(9).
-3
Let j(f) = 2*f - 8. Suppose -9*y + 169 = -47. Suppose -2*p + 32 = -7*k + 2*k, -y = 5*k - 4*p. Determine j(k).
-24
Let o(u) = 4*u + 9. Let h be (43 + -36 + 8)/(0 - 1). Give o(h).
-51
Let d(f) = 26*f. Let l be d(3). Suppose 13*v = 2*v + 847. Let q = l - v. Let j(c) = 9*c**2 - c + 1. Give j(q).
9
Let m be -2*((-312)/16)/13. Let d be -5 + m + (2 - -3). Let h(l) = l**3 - 3*l**2 + 1. Determine h(d).
1
Let k be (-1)/(-2)*(60 + -110) - (1 - 8). Let v(b) = b**2 + 18*b - 6. Determine v(k).
-6
Let o(u) = u**3 - 9*u**2 + 11*u + 7. Let v be o(6). Let z be 14/v*(13 + 1 + 1). Let h(c) = -c**2 - 4*c + 5. Determine h(z).
-7
Suppose -2*d + 5*t = 1 + 5, 18 = 4*d + 5*t. Let p be -1 - 748/(-24) - d/12. Suppose -p = -8*m + 3*m. Let z(c) = -c**2 + 6*c + 8. Determine z(m).
8
Let d(n) be the third derivative of -n**5/30 + n**4/12 + 13*n**3/6 + 2*n**2 - n - 114. Give d(0).
13
Let a(n) = -4*n**3 - n**2 + n - 1. Suppose 5*m + 15 = 2*w - 1, 0 = m. Suppose -2*d = -2*q + 4, 2*d = -2*d - 3*q - w. What is a(d)?
25
Let c(p) = 10*p**2 + 6*p - 8. Let g(k) = -14*k**2 - 7*k + 8. Let f(h) = 2*c(h) + 3*g(h). What is f(1)?
-23
Let u(d) = 71*d + 79*d - 14 - d**2 - 155*d. What is u(-7)?
-28
Let g(s) = 5 + 17 + 204*s - 6 - 110*s - 100*s. Calculate g(6).
-20
Let f be 3/6*10/(-1). Let i(l) = l**3 - 30*l**2 + 2*l - 12. Let m(u) = 2*u**3 - 54*u**2 + 4*u - 22. Let n(k) = 11*i(k) - 6*m(k). Give n(f).
-15
Let k(n) = -n**3 + 14*n**2 - 13*n + 6. Let o(c) = -2*c + 40. Let x be o(-8). Suppose -25*q + x = -269. Give k(q).
6
Let w be (((-72)/15)/4)/(-10*(-2)/150). Let u(a) = -a**2 - 14*a. Give u(w).
45
Let y(d) be the first derivative of d**3/3 + 2*d**2 + d - 6247. Suppose -2*r = 3*r. Let p be (-1)/(-3)*(r + -9). Give y(p).
-2
Let q = 12 - 7. Suppose -5*d + 2*r = -23666 - 16282, -23967 = -3*d + 3*r. Let j(l) = -4*l - 7989*l**3 - l + d*l**3 + 3 - 4*l**2. Calculate j(q).
3
Let g = 26604 + -26653. Let u(z) = -11*z - 536. Calculate u(g).
3
Let a(v) be the first derivative of 11*v**2/2 + 51*v - 2142. Give a(-5).
-4
Let x(o) = 35*o - 33*o + 5*o**2 - 1 - 4*o**2. Let d(i) = i**2 + 12*i + 1. Let j be d(-12). What is x(j)?
2
Let d be 2/(((-112)/175)/(-8)). Let o(g) = -8*g + 205. Give o(d).
5
Let n = 10 + -19. Let s = n + 13. Suppose -19 = k - s*t, -5*k + 3*t = -2*t + 20. Let d(q) = -4*q**2 + 1. Give d(k).
-3
Let j(m) be the first derivative of m**4/4 + 10*m**3 - 8*m - 11401. Calculate j(-30).
-8
Let d(p) be the second derivative of -p**5/20 + 7*p**4/6 + 6*p**2 - 51*p + 21. Suppose 0 = g - 3*g - 8, -3*g = -3*q + 54. What is d(q)?
12
Let m(v) be the second derivative of -v**4/4 + 25*v**3/3 + v**2 + v + 1315. Calculate m(17).
-15
Suppose 0 = -c - 213 + 238. Suppose -28 = c*g + 72. Let r(d) = -11*d**2 - d + 15. Let o(m) = -7*m**2 - m + 10. Let n(y) = -8*o(y) + 5*r(y). Determine n(g).
-1
Suppose 6*m = -16*m - 110. Let a(h) = 3*h**3 + 12*h**2 + 7*h + 1. Let g(o) = -2*o**3 - 6*o**2 - 4*o. Let f(y) = m*g(y) - 3*a(y). What is f(5)?
-33
Let q = 2630 + -2627. Let f(x) be the third derivative of 0 + 0*x + 2/3*x**q - 7/24*x**4 - 2*x**2 - 1/60*x**5. Determine f(-7).
4
Suppose 150*d - 262 - 338 = 0. Let k(v) be the third derivative of 0 + 1/3*v**d - 12*v**2 + 1/60*v**5 + 1/3*v**3 + 0*v. Calculate k(-7).
-5
Suppose 15*u = -85 + 25. Let x be ((-7)/(28/(-8)))/(u/18). Let j(b) = b**3 + 7*b**2 - 14*b - 10. What is j(x)?
-46
Let k(w) be the first derivative of w**2/2 - 9*w + 10043. What is k(25)?
16
Let h = -6 - -10. Supp